267173127 and 26?
13
Calculate the highest common factor of 4181720 and 128.
8
Calculate the highest common divisor of 6082 and 28679671.
3041
Calculate the highest common factor of 17 and 488963197.
17
What is the highest common factor of 97952912 and 17?
17
What is the greatest common divisor of 78969 and 98919441?
7179
Calculate the highest common divisor of 69888717 and 15093.
1161
What is the greatest common divisor of 8727888 and 98500?
788
What is the greatest common factor of 156 and 59647692?
156
Calculate the greatest common divisor of 643680 and 8344.
1192
Calculate the highest common divisor of 49473 and 3102838.
23
What is the greatest common divisor of 10913933 and 454?
227
What is the highest common factor of 1352988 and 377?
13
What is the highest common factor of 255 and 95205?
15
What is the greatest common divisor of 69058 and 1107766?
946
What is the highest common factor of 15080758 and 42?
14
Calculate the highest common divisor of 548878 and 16714.
122
What is the greatest common divisor of 30 and 207105090?
30
What is the greatest common factor of 25160 and 970?
10
Calculate the highest common factor of 190 and 10815935.
5
What is the greatest common factor of 156854580 and 612?
204
What is the highest common divisor of 1139 and 857533?
67
Calculate the greatest common factor of 163478 and 86926.
14
What is the greatest common divisor of 3150 and 1272?
6
What is the highest common factor of 213 and 625034655?
213
Calculate the greatest common divisor of 11424 and 308091.
357
What is the greatest common divisor of 18616173 and 538617?
3567
What is the greatest common divisor of 740622 and 49258350?
13974
Calculate the greatest common divisor of 6780 and 221250.
30
Calculate the greatest common divisor of 45659055 and 26.
13
Calculate the greatest common factor of 24180 and 1027185.
465
Calculate the greatest common divisor of 819 and 53874093.
273
What is the greatest common divisor of 1577337 and 3135816?
1347
What is the greatest common factor of 379410 and 360?
30
Calculate the highest common divisor of 12189728 and 56.
8
Calculate the highest common factor of 303419796 and 12.
12
What is the greatest common divisor of 245 and 258356665?
245
What is the greatest common factor of 52450566 and 322?
14
What is the highest common factor of 166433059 and 338?
169
What is the highest common divisor of 947557 and 1027?
13
What is the greatest common factor of 3178840 and 5?
5
What is the highest common factor of 5445 and 56234145?
1815
Calculate the greatest common factor of 54944424 and 2116.
92
Calculate the greatest common divisor of 10233718 and 407.
11
Calculate the highest common divisor of 46663552 and 32.
32
Calculate the greatest common factor of 30088077 and 50089.
3853
What is the greatest common factor of 8540 and 45535?
35
What is the highest common factor of 19514 and 314886?
22
What is the highest common divisor of 15272928 and 58212?
1188
What is the highest common divisor of 16640 and 349952?
256
What is the highest common divisor of 839 and 117763718?
839
Calculate the greatest common factor of 20442780 and 290.
10
What is the greatest common factor of 54 and 60780186?
54
Calculate the greatest common factor of 9649927 and 21.
7
Calculate the greatest common divisor of 35316 and 9924.
12
What is the highest common factor of 255761383 and 76181?
10883
Calculate the highest common factor of 1674 and 2189025.
27
Calculate the highest common factor of 29344 and 932512.
224
What is the greatest common divisor of 2692 and 7925921?
673
What is the highest common factor of 44430946 and 140?
14
Calculate the highest common divisor of 1091320700 and 2980.
2980
Calculate the highest common factor of 918 and 2547603.
153
What is the greatest common divisor of 201079827 and 39?
39
Calculate the greatest common divisor of 304363239 and 93.
93
What is the greatest common factor of 1536 and 57032736?
96
Calculate the highest common factor of 3954 and 26202.
6
What is the highest common divisor of 605194276 and 124?
124
What is the greatest common divisor of 44 and 20682266?
22
What is the highest common factor of 3056 and 254377429?
191
What is the greatest common divisor of 10498368 and 2496?
192
What is the greatest common factor of 61673524 and 1591?
1591
Calculate the highest common divisor of 526322 and 38218.
194
Calculate the greatest common factor of 1449834957 and 1539.
1539
Calculate the highest common factor of 30860324 and 726.
242
What is the greatest common factor of 81730 and 4378?
22
What is the highest common divisor of 100412133 and 3?
3
What is the highest common factor of 4006 and 1667006765?
2003
What is the greatest common divisor of 413669 and 503798?
2311
Calculate the highest common divisor of 206124 and 100481.
89
Calculate the greatest common divisor of 322456 and 56.
8
What is the greatest common divisor of 83 and 646527836?
83
Calculate the highest common factor of 75196260 and 10760.
5380
Calculate the highest common divisor of 102450 and 6776043.
2049
What is the greatest common factor of 56724668 and 2288?
572
What is the greatest common factor of 79001 and 2266927?
1339
Calculate the highest common divisor of 824535 and 16817.
251
Calculate the highest common factor of 217722 and 71466.
1662
What is the greatest common divisor of 3526759 and 868711?
3461
Calculate the greatest common factor of 14008800 and 25440.
480
What is the highest common factor of 10027198 and 14?
2
What is the highest common factor of 10493824 and 4224?
1408
What is the greatest common factor of 31515 and 805?
5
What is the greatest common divisor of 545021672 and 312?
104
What is the greatest common divisor of 54058 and 520174?
358
What is the greatest common divisor of 19386392 and 578?
34
Calculate the greatest common factor of 1205379 and 69377.
371
What is the greatest common divisor of 27 and 67864311?
27
Calculate the greatest common factor of 9401280 and 107072.
448
What is the highest common divisor of 766045 and 20360?
2545
Calculate the greatest common factor of 133286200 and 600.
200
Calculate the highest common factor of 13795 and 767405.
155
Calculate the highest common factor of 4117492 and 727883.
4307
What is the highest common divisor of 31217 and 8998711?
1643
What is the greatest common divisor of 144849 and 91902?
159
Calculate the greatest common divisor of 54025133 and 85.
17
Calculate the greatest common divisor of 5766 and 47475322.
1922
What is the greatest common factor of 98505830 and 160?
10
Calculate the highest common divisor of 103733 and 80738.
511
What is the highest common divisor of 22 and 2915150?
2
What is the greatest common divisor of 622185 and 645?
15
Calculate the highest common factor of 2020 and 140780.
20
What is the greatest common divisor of 239751 and 13617?
153
Calculate the highest common divisor of 587 and 606464333.
587
What is the greatest common factor of 52 and 23653994?
26
Calculate the greatest common divisor of 96257500 and 4432.
1108
Calculate the highest common divisor of 66 and 5016891.
33
Calculate the greatest common factor of 5135581828 and 3796.
3796
What is the highest common divisor of 221026 and 650?
26
Calculate the greatest common divisor of 48 and 18633412.
4
Calculate the highest common divisor of 45 and 15637785.
15
What is the greatest common factor of 3711880 and 3692?
284
What is the highest common divisor of 185166 and 121666?
254
Calculate the greatest common divisor of 283470 and 23694.
66
What is the greatest common divisor of 3477 and 12609920?
1159
What is the greatest common divisor of 27167182 and 1414?
1414
Calculate the greatest common divisor of 202 and 452143367.
101
What is the highest common factor of 606645 and 4348141?
1037
What is the highest common divisor of 60557 and 3878602?
1477
Calculate the greatest common factor of 11193 and 995358.
273
What is the highest common divisor of 76065 and 10208385?
165
What is the highest common divisor of 51 and 74167430?
17
What is the greatest common factor of 2217 and 179?
1
Calculate the greatest common divisor of 1197 and 217303.
19
What is the greatest common divisor of 194304 and 492384?
2208
What is the greatest common divisor of 1296 and 2562544?
16
What is the highest comm